{"id":100,"date":"2017-10-19T10:42:26","date_gmt":"2017-10-19T10:42:26","guid":{"rendered":"http:\/\/christine-samira-tanzkunst.de\/?page_id=100"},"modified":"2017-10-19T18:54:25","modified_gmt":"2017-10-19T18:54:25","slug":"einzelstunden","status":"publish","type":"page","link":"http:\/\/christine-samira-tanzkunst.de\/?page_id=100","title":{"rendered":"Einzelstunden"},"content":{"rendered":"<p>[et_pb_section bb_built=&#8220;1&#8243; fullwidth=&#8220;on&#8220; specialty=&#8220;off&#8220;][et_pb_fullwidth_image _builder_version=&#8220;3.0.71&#8243; src=&#8220;http:\/\/christine-samira-tanzkunst.de\/wp-content\/uploads\/2017\/10\/samira_header3.jpg&#8220; show_in_lightbox=&#8220;off&#8220; url_new_window=&#8220;off&#8220; use_overlay=&#8220;off&#8220; border_style=&#8220;solid&#8220; animation=&#8220;left&#8220; \/][\/et_pb_section][et_pb_section bb_built=&#8220;1&#8243;][et_pb_row][et_pb_column type=&#8220;4_4&#8243;][et_pb_testimonial _builder_version=&#8220;3.0.71&#8243; author=&#8220;Martha Graham&#8220; url_new_window=&#8220;off&#8220; quote_icon=&#8220;on&#8220; background_color=&#8220;rgba(244,146,0,0.14)&#8220; use_background_color=&#8220;on&#8220; quote_icon_background_color=&#8220;#f5f5f5&#8243; background_layout=&#8220;light&#8220; text_orientation=&#8220;center&#8220; border_style=&#8220;solid&#8220;]<\/p>\n<h3 style=\"text-align: center;\">Tanz ist die verborgene Sprache der Seele.<\/h3>\n<p>[\/et_pb_testimonial][\/et_pb_column][\/et_pb_row][et_pb_row][et_pb_column type=&#8220;4_4&#8243;][et_pb_text _builder_version=&#8220;3.0.71&#8243; background_layout=&#8220;light&#8220; text_orientation=&#8220;left&#8220; border_style=&#8220;solid&#8220; text_font_size=&#8220;15&#8243;]<\/p>\n<p>Sehr gerne gebe ich Einzelstunden oder trainiere mit bestehenden Tanzgruppen ein bestimmtes Thema oder studiere mit euch eine Choreographie ein! Gern am Wochenende.<\/p>\n<h4><\/h4>\n<p>&nbsp;<\/p>\n<h4>Einzelstunden:<\/h4>\n<p>&nbsp;<\/p>\n<p>&#8211; <strong>Geltolfing\/Straubing<\/strong>: 39 Euro<br \/>\nPaket: 3 Stunden innerhalb von 6 Wochen: 99 Euro<br \/>\nF\u00fcr 2 Personen: 50 Euro<\/p>\n<p>&#8211; <strong>M\u00fcnchen<\/strong>: 50 Euro (zzgl. Raummiete)<br \/>\nPaket: 3 Stunden innerhalb von 6 Wochen: 135 Euro (zzgl. Raummiete)<br \/>\nF\u00fcr 2 Personen: 66 Euro (zzgl.Raummiete)<\/p>\n<p>&nbsp;<\/p>\n<p>Ihr seid Tanzfreundinnen oder eine kleine Auftrittsgruppe, die neue Anregungen sucht oder eine Choreographie lernen m\u00f6chte (gern speziell f\u00fcr euch auf euren Musikwunsch und Level entwickelt)? Dann meldet euch einfach bei mir und wir besprechen die M\u00f6glichkeiten.<\/p>\n<p>[\/et_pb_text][\/et_pb_column][\/et_pb_row][et_pb_row][et_pb_column type=&#8220;1_3&#8243;][et_pb_text _builder_version=&#8220;3.0.71&#8243; background_layout=&#8220;light&#8220; text_orientation=&#8220;left&#8220; border_style=&#8220;solid&#8220;]<\/p>\n<h4 style=\"text-align: center;\"><a href=\"http:\/\/christine-samira-tanzkunst.de\/?page_id=69\">Kurse<\/a><\/h4>\n<p>[\/et_pb_text][\/et_pb_column][et_pb_column type=&#8220;1_3&#8243;][et_pb_text _builder_version=&#8220;3.0.71&#8243; background_layout=&#8220;light&#8220; text_orientation=&#8220;left&#8220; border_style=&#8220;solid&#8220;]<\/p>\n<h4 style=\"text-align: center;\"><a href=\"http:\/\/christine-samira-tanzkunst.de\/?page_id=90\">Workshops<\/a><\/h4>\n<p>[\/et_pb_text][\/et_pb_column][et_pb_column type=&#8220;1_3&#8243;][et_pb_text _builder_version=&#8220;3.0.71&#8243; background_layout=&#8220;light&#8220; text_orientation=&#8220;left&#8220; border_style=&#8220;solid&#8220;]<\/p>\n<h4 style=\"text-align: center;\"><a href=\"http:\/\/christine-samira-tanzkunst.de\/?page_id=160\">Unterrichtsphilosophie<\/a><\/h4>\n<p>[\/et_pb_text][\/et_pb_column][\/et_pb_row][\/et_pb_section]<\/p>\n","protected":false},"excerpt":{"rendered":"<p>[et_pb_section bb_built=&#8220;1&#8243; fullwidth=&#8220;on&#8220; specialty=&#8220;off&#8220;][et_pb_fullwidth_image _builder_version=&#8220;3.0.71&#8243; src=&#8220;http:\/\/christine-samira-tanzkunst.de\/wp-content\/uploads\/2017\/10\/samira_header3.jpg&#8220; show_in_lightbox=&#8220;off&#8220; url_new_window=&#8220;off&#8220; use_overlay=&#8220;off&#8220; border_style=&#8220;solid&#8220; animation=&#8220;left&#8220; \/][\/et_pb_section][et_pb_section bb_built=&#8220;1&#8243;][et_pb_row][et_pb_column type=&#8220;4_4&#8243;][et_pb_testimonial _builder_version=&#8220;3.0.71&#8243; author=&#8220;Martha Graham&#8220; url_new_window=&#8220;off&#8220; quote_icon=&#8220;on&#8220; background_color=&#8220;rgba(244,146,0,0.14)&#8220; use_background_color=&#8220;on&#8220; quote_icon_background_color=&#8220;#f5f5f5&#8243; background_layout=&#8220;light&#8220; text_orientation=&#8220;center&#8220; border_style=&#8220;solid&#8220;] Tanz ist die verborgene Sprache der Seele. [\/et_pb_testimonial][\/et_pb_column][\/et_pb_row][et_pb_row][et_pb_column type=&#8220;4_4&#8243;][et_pb_text _builder_version=&#8220;3.0.71&#8243; background_layout=&#8220;light&#8220; text_orientation=&#8220;left&#8220; border_style=&#8220;solid&#8220; text_font_size=&#8220;15&#8243;] Sehr gerne gebe ich Einzelstunden oder trainiere mit bestehenden Tanzgruppen ein bestimmtes Thema oder studiere mit [&hellip;]<\/p>\n","protected":false},"author":1,"featured_media":0,"parent":60,"menu_order":0,"comment_status":"closed","ping_status":"closed","template":"","meta":{"footnotes":""},"class_list":["post-100","page","type-page","status-publish","hentry"],"_links":{"self":[{"href":"http:\/\/christine-samira-tanzkunst.de\/index.php?rest_route=\/wp\/v2\/pages\/100","targetHints":{"allow":["GET"]}}],"collection":[{"href":"http:\/\/christine-samira-tanzkunst.de\/index.php?rest_route=\/wp\/v2\/pages"}],"about":[{"href":"http:\/\/christine-samira-tanzkunst.de\/index.php?rest_route=\/wp\/v2\/types\/page"}],"author":[{"embeddable":true,"href":"http:\/\/christine-samira-tanzkunst.de\/index.php?rest_route=\/wp\/v2\/users\/1"}],"replies":[{"embeddable":true,"href":"http:\/\/christine-samira-tanzkunst.de\/index.php?rest_route=%2Fwp%2Fv2%2Fcomments&post=100"}],"version-history":[{"count":9,"href":"http:\/\/christine-samira-tanzkunst.de\/index.php?rest_route=\/wp\/v2\/pages\/100\/revisions"}],"predecessor-version":[{"id":175,"href":"http:\/\/christine-samira-tanzkunst.de\/index.php?rest_route=\/wp\/v2\/pages\/100\/revisions\/175"}],"up":[{"embeddable":true,"href":"http:\/\/christine-samira-tanzkunst.de\/index.php?rest_route=\/wp\/v2\/pages\/60"}],"wp:attachment":[{"href":"http:\/\/christine-samira-tanzkunst.de\/index.php?rest_route=%2Fwp%2Fv2%2Fmedia&parent=100"}],"curies":[{"name":"wp","href":"https:\/\/api.w.org\/{rel}","templated":true}]}}